 = 2*k - 4, g*h - k = -h + 6. Suppose 6*z - h*z = 12. List the prime factors of z.
2, 3
Let s(l) = -l**3 - 26*l**2 + 7*l - 5. Let k be s(-26). Let i = 281 + k. What are the prime factors of i?
2, 47
Let y = 90 + -86. Suppose -y*p = 6*p - 2120. What are the prime factors of p?
2, 53
Let k be 4/(-10) - 366/10. Suppose -s + 2*s = 68. Let m = k + s. What are the prime factors of m?
31
Let f(t) = 6*t**2 - 114 + 215 - t**3 - 106 + t**2 + 3*t. List the prime factors of f(3).
2, 5
Let p(s) = 6*s**2 - 7*s - 13. Let h be p(-6). Suppose -13*v + 3616 = -h. What are the prime factors of v?
3, 11
Let c = -2139 + 2228. What are the prime factors of c?
89
Let h be -3 - ((-18)/2 - 3). Suppose z = -2*z + h. Suppose z*f - 151 = -4*r, -4*r + 18 = 2. List the prime factors of f.
3, 5
Let q(f) = -62*f + 1. Let i(b) = b. Let v(z) = 3*i(z) + q(z). List the prime factors of v(-1).
2, 3, 5
Let r be -4*7*(-3)/(-6). Let h = r - -17. Let i(a) = 2*a**2 + 2*a - 1. What are the prime factors of i(h)?
23
Let d(q) = 34*q + 124. List the prime factors of d(24).
2, 5, 47
Suppose -6*u - 4 = 38. Let h(v) = v + 9. Let y be h(u). Suppose -31 = -y*a + 37. What are the prime factors of a?
2, 17
Suppose 33 = 2*o - 91. Let v = o - -18. What are the prime factors of v?
2, 5
Suppose 3*i - 228 = -2*v, -3*i = -7*v + 2*v + 528. What are the prime factors of v?
2, 3
Let l be (7/(147/(-6)))/((-1)/(-7)). Suppose 4*r - 27 = -119. What are the prime factors of 2 - (r + -1 + l)?
2, 7
Let a(o) = 7*o + 3. Let m be a(-1). Let q be (-62 + -4)/((-3)/m). Let b = 126 + q. What are the prime factors of b?
2, 19
Let b(a) = 5*a**2 + 14*a + 22. List the prime factors of b(-7).
13
Suppose 0 = -8*s - 0*s + 11136. List the prime factors of s.
2, 3, 29
Let z be ((-3)/(-3))/((-5)/35). Let f(a) = -a**3 - 9*a**2 - 16*a + 4. List the prime factors of f(z).
2, 3
Suppose 5*i - i = 0. List the prime factors of (-15)/(2/(-6) + i).
3, 5
Let z(p) be the second derivative of p**4/6 - 4*p**2 + p. What are the prime factors of z(6)?
2
Let f be 4/(-6) - (-24)/9. Suppose -2*d = f*d + 12. What are the prime factors of 6/(d - (-17)/5)?
3, 5
Suppose -2*t + 117 = -a - 2*a, -5*a = -25. Suppose -5*b - 5*v + 190 = 0, 2*b - 5*v = t + 17. Let r = b + -15. List the prime factors of r.
2, 3
Let i(d) = 3*d**2 - 4*d - 1. Let v be i(5). Suppose v = -3*c + 5*c. Let j = 48 - c. List the prime factors of j.
3, 7
Suppose -30720 = -16*w - 7552. List the prime factors of w.
2, 181
Let l = 0 - 3. Suppose 4*m + 51 - 7 = -3*f, -20 = -5*f. What are the prime factors of 8/(m/5 - l)?
2, 5
List the prime factors of (-28)/4 - (-2513)/7.
2, 11
Let i = -311 + 358. What are the prime factors of i?
47
Suppose -27*k = -30*k + 1002. Suppose i - k = -i. What are the prime factors of i?
167
Let m(a) = 3*a**3 - 2*a**2 - 9*a + 1. Let s be m(5). Let l = 437 - s. What are the prime factors of l?
2, 3, 13
List the prime factors of (-7852)/6*138/(-92).
13, 151
Let y(b) = -b - 14. Let s(f) = -2*f - 29. Let x(g) = 2*s(g) - 5*y(g). Let v(d) = d - 16. Let j be v(7). What are the prime factors of x(j)?
3
Suppose m = 4*x + 79, 0*m - 2*x = 2*m - 208. What are the prime factors of m?
3, 11
Suppose 71 = -2*v + 459. List the prime factors of v.
2, 97
Let z be (-1)/(2 - -3) + 23022/(-15). What are the prime factors of (z/(-3))/5 + 4/(-12)?
2, 3, 17
Let a(h) = 47*h**2 - 10*h - 39. List the prime factors of a(-3).
2, 3, 23
Suppose 0 = 5*f - 5*h - 321 - 2414, 5*h - 2725 = -5*f. List the prime factors of f.
2, 3, 7, 13
Let t be (-455)/(-10) - 3/2. Suppose 0 = -41*n + t*n - 36. What are the prime factors of n?
2, 3
Let t(v) = 4*v**2 + 3*v - 12. Suppose -2*c = -2*r, -c = 2*c - 2*r - 4. List the prime factors of t(c).
2
Let a be (48/(-20))/((-1)/(-65)). Let d = a + 230. What are the prime factors of d?
2, 37
Suppose -3*l + 117 = 2*l - d, d - 113 = -5*l. Suppose 17 = -5*f - l. What are the prime factors of (0 - 0) + (f - -22)?
2, 7
Let z be (-68)/6*(-6)/4. Let b = z - 20. What are the prime factors of (-2 - b) + (-35)/(-1)?
2, 3
Suppose -v = 0, f + 3*v - 375 = -4*f. Suppose -f = -x - 2*h, h = -2*x - 18 + 162. List the prime factors of x.
71
What are the prime factors of 13 + (5 + 5 - -3)?
2, 13
Let l be 2/13 - 1504/(-26). Suppose -8*m + l = -6*m. What are the prime factors of m?
29
Let g(u) = -u**2 - 4*u - 1. Let x(v) = -v**2 + 5*v - 1. Let h be x(4). Suppose -4*f - 10 = -l, 0*f - f = -3*l - h. List the prime factors of g(f).
2
What are the prime factors of 1/4 - 1*(-45290)/56?
809
Let n(j) = -1917*j**3 - 5*j**2 - 10*j - 5. List the prime factors of n(-1).
3, 71
Suppose -5*d - 4 + 24 = 0, -5*d = -2*y - 70. Let v = 37 + y. List the prime factors of v.
2, 3
Let y(n) = n**2 - n + 4. Let h be y(0). Let r(v) = v**2 - 7. Let x be r(-3). List the prime factors of 1*(h + 0 + x).
2, 3
Let o = 17 + -23. Let y(h) = -h**3 - 2*h**2 + 10*h + 9. What are the prime factors of y(o)?
3, 31
Let i = -131 + -604. What are the prime factors of 866/30 - -1 - 98/i?
2, 3, 5
Let v = 50 + -48. Suppose -c - 2*h = -88, v*c + h + h = 178. What are the prime factors of c?
2, 3, 5
Let k = 43 - 43. Suppose -2*f + 252 - 32 = k. List the prime factors of f.
2, 5, 11
Suppose -t + 326 = 2*p, 4*t = 7*t + 6. What are the prime factors of p?
2, 41
Suppose -4*i + 6 = -6. Let g be (2/(-8))/(1 + (-6)/8). List the prime factors of (-22 - (i - 2))*g.
23
Suppose 5*m - 3*c - 1266 = 0, -c + 15 = 4*c. Let o = -130 + m. Suppose 5*i - g - o = -0*g, 4*i - 5*g - 100 = 0. What are the prime factors of i?
5
Let d = 17 + -14. Let n be -10*d/(-6) + -1. Suppose -t = n*t - 35. List the prime factors of t.
7
Suppose -11*g + 8*g + 981 = 0. What are the prime factors of g?
3, 109
Let w(k) = 360*k - 129. List the prime factors of w(6).
3, 677
Let s be (4 - 6) + 243 + 1. Let b = -133 + s. What are the prime factors of b?
109
Suppose 5*v - 5*k = 185, -3*v + 0*k = 3*k - 117. Let m = -54 + v. What are the prime factors of 28/7 - (m + -1)?
3, 7
Let x = -44 - -108. Suppose 75 = d - x. What are the prime factors of d?
139
Let h = 151 + -117. List the prime factors of h.
2, 17
Let c = -1270 + 2235. Suppose 3*n - j = 420, 0 = 5*n + j + 257 - c. What are the prime factors of n?
3, 47
Let x be -75*-4*(-4)/(-12). Suppose 4*y = 148 + x. List the prime factors of y.
2, 31
Let x(b) = b**2 + 4*b + 3. Let a be x(7). Suppose 0 = 10*q - a - 710. List the prime factors of q.
79
Let m(h) = h**3 + 14*h**2 - h - 14. Let c be m(-14). Suppose -f + y + c = -31, -3*f + 2*y + 94 = 0. List the prime factors of f.
2
Suppose -10*j - 10 = -5*j. Let n be (j/(-3))/((-16)/192). Let c = n - -53. List the prime factors of c.
3, 5
Let s(z) = 8*z + 12. Let v be s(6). Let w = v - 20. List the prime factors of w.
2, 5
Let n(p) = -p - 6. Let y be n(-9). Suppose -3*i - y*v = -201 - 15, -5*i + 3*v = -360. What are the prime factors of i?
2, 3
Suppose 3*u - 2*c = 78, 2*u - 2*c = 37 + 15. Suppose 0*g = 2*g. Suppose g = x - u - 3. What are the prime factors of x?
29
Suppose -39*l + 14617 = -83156. List the prime factors of l.
23, 109
Suppose 104 = -n + 4*j + 425, 4*j = 3*n - 1003. List the prime factors of n.
11, 31
Let u be 4/16 + 22/8. List the prime factors of 37/6 - u/18 - 2.
2
Let t(d) = -20*d**2 - 5*d - 1. Let g(u) = -u**2 + 1. Let i(a) = -5*g(a) - t(a). List the prime factors of i(-3).
2, 103
Let x be 1 + (0 - 0)/(-3). Suppose -r + x + 1 = 0. Suppose 3*y - 3 = -0*y, -r*p - y + 7 = 0. List the prime factors of p.
3
List the prime factors of (-1274)/4*-5 - 830/(-1660).
3, 59
List the prime factors of 2*(-3171)/(-6) - (0 + -5).
2, 3, 59
Let j(z) = -4*z**3 - 4*z**2 - 3*z - 1. Suppose -8 = -4*o + 4. Suppose 2*c + o + 1 = 0. List the prime factors of j(c).
3, 7
Suppose 3*u = 3*z, -4*z + 3*u = -1 + 4. List the prime factors of z + 29 - (1 - 2 - 1).
2, 7
Suppose -5*c = -1691 - 204. Suppose c = 5*t + 84. What are the prime factors of t?
59
Suppose -14 = -3*k - 20. List the prime factors of (-4)/14 + ((-4716)/21)/k.
2, 7
Suppose -3*s = -6*s - 291. Let z = 30 - s. What are the prime factors of z?
127
Let j(b) = -50*b + 51. List the prime factors of j(-5).
7, 43
Suppose 5*d - o = 18, -5*o - 6 = -3*o. Suppose -f + 86 = 5*s, -44 = -2*f + d*s + 102. List the prime factors of f.
2, 19
Let c(a) = -a**3 - 5*a**2 - 6*a - 6. Let j be c(-5). Let p be (-3)/12 + 3966/j. Suppose 5*h = 3*u + 273, 0*h + p = 